 = 670*t - 3863. What is p(5)?
-513
Let f(m) = -3378*m - 108017. Determine f(-32).
79
Let v(g) = 4974*g - 24329. Determine v(5).
541
Let g(p) = 242*p + 80131. Calculate g(-331).
29
Let o(f) = -174*f + 3775. Determine o(23).
-227
Let a(z) = z**3 + 20*z**2 - 11166*z - 212583. Determine a(-19).
-68
Let r(j) = j**3 + 297*j**2 + 585*j - 2099. Determine r(-295).
-624
Let b(r) = -20*r**2 + 728*r + 2834. Determine b(40).
-46
Let o(k) = k**2 + 117*k + 5124. What is o(-64)?
1732
Let f(k) = -3547*k + 571091. What is f(161)?
24
Let l(p) = p**3 - 58*p**2 + 215*p + 121. Give l(54).
67
Let h(n) = -3*n**3 - 65*n**2 - 55*n - 187. Calculate h(-21).
86
Let d(s) = -172*s - 44693. What is d(-260)?
27
Let c(o) = -35*o**2 + 1956*o + 4311. What is c(58)?
19
Let k(p) = -p**3 - 47*p**2 - 342*p + 191. Determine k(-37).
-845
Let a(b) = 5*b**2 - 2*b. What is a(-2)?
24
Let s(n) = n**3 + 1130*n**2 - 177809*n - 11441. Determine s(-1270).
-11
Let j(t) = -17*t**3 - 7256*t**2 + 1279*t - 850. Determine j(-427).
4
Let u(b) = b**2 - 192*b - 48868. Determine u(-145).
-3
Let j(z) = -z**2 + 8389*z + 16795. What is j(-2)?
13
Let h(y) = y**3 - 60*y**2 + 131*y - 1564. What is h(58)?
-694
Let p(m) = 368*m**2 - 4046*m + 7. Calculate p(12).
4447
Let j(s) = -3346*s + 54051. What is j(16)?
515
Let t(b) = 280*b**2 - 2796*b + 109. Calculate t(10).
149
Let b(x) = 305*x + 3402. What is b(-14)?
-868
Let t(l) = -18*l**3 + 3*l**2 + 5256*l - 5258. Determine t(1).
-17
Let g(j) = -7*j**3 + 10*j**2 - 205*j + 374. Determine g(2).
-52
Let m(x) = 15775*x + 141768. Give m(-9).
-207
Let o(j) = 3*j**2 + 176*j - 9885. Give o(-75).
-6210
Let q(j) = -j**3 + 67*j**2 - 1056*j - 51. Calculate q(44).
-1987
Let a(h) = 2*h**2 + 143*h - 20008. What is a(-142)?
14
Let j(x) = 1262*x - 33256. Calculate j(26).
-444
Let z(l) = 2*l**2 - 15870*l + 79324. What is z(5)?
24
Let z(d) = -6949*d + 24382. Calculate z(4).
-3414
Let p(k) = 11*k**3 - 88*k**2 - 105*k + 736. Give p(8).
-104
Let o(l) = 97916*l + 587417. Determine o(-6).
-79
Let v(k) = -8*k**2 + 2121*k - 8438. What is v(4)?
-82
Let r(n) = -42985*n + 3739683. What is r(87)?
-12
Let m(s) = -4*s**3 - 25*s**2 + 152*s + 883. What is m(-6)?
-65
Let r(l) = -97667*l - 1953333. Give r(-20).
7
Let i(a) = 13604*a + 54399. Determine i(-4).
-17
Let n(f) = 16897*f + 102102. Calculate n(-6).
720
Let k(x) = -870*x - 221871. Calculate k(-255).
-21
Let a(m) = -2*m**2 + 480*m - 18999. Calculate a(190).
1
Let s(b) = -420*b - 240655. What is s(-573)?
5
Let p(o) = 15*o**3 - 8*o**2 + 2*o + 66. Calculate p(3).
405
Let t(j) = j**3 + 4703*j**2 + 23472*j - 26. Determine t(-5).
64
Let u(t) = 8167*t - 32666. Give u(4).
2
Let n(z) = -95*z**2 + 16525*z + 883. What is n(174)?
13
Let u(g) = 5462*g + 475186. Determine u(-87).
-8
Let b(u) = 6735*u - 484844. Calculate b(72).
76
Let x(t) = 2*t**3 - 3112*t**2 - 7345*t + 6587666. Calculate x(1557).
-1
Let l(f) = f**3 + 40*f**2 + 23*f - 601. Determine l(-39).
23
Let u(k) = -4*k**3 - 745*k**2 + 2095*k + 3025. Calculate u(-189).
1
Let c(g) = 3*g**3 - 55*g**2 + 44*g - 56. Calculate c(15).
-1646
Let x(w) = w**3 + 28*w**2 + 355*w + 1567. What is x(-8)?
7
Let p(z) = -z**2 - 286*z + 4630. Give p(17).
-521
Let u(l) = -1446*l - 627519. Calculate u(-434).
45
Let b(f) = -f**3 - 51*f**2 - 208*f - 7074. Give b(-50).
826
Let f(j) = 6*j**2 + 232*j - 201. Give f(-39).
-123
Let f(o) = -4683*o + 13630. Give f(3).
-419
Let v(x) = -26*x**2 + 25570*x - 314598. What is v(971)?
6
Let j(z) = -24639*z - 172468. What is j(-7)?
5
Let n(t) = -3*t**3 + 167*t**2 - 425*t + 60. What is n(53)?
7
Let l(b) = b**3 - 126*b**2 - 71*b - 7116. What is l(127)?
-4
Let i(g) = -4*g**3 - 26*g**2 - 8*g - 29. What is i(-8)?
419
Let s(k) = 23746*k + 1780975. What is s(-75)?
25
Let b(t) = 3528*t - 85158. What is b(24)?
-486
Let k(s) = -6*s**2 - 190*s - 1369. Determine k(-21).
-25
Let r(y) = -y**3 - 7*y**2 - 2107*y - 14736. What is r(-7)?
13
Let j(s) = 14*s**2 + 2365*s + 66990. Calculate j(-36).
-6
Let b(a) = -a**2 - 419*a - 42693. Give b(-244).
7
Let b(f) = f**3 + 30*f**2 + 2366*f - 38019. Calculate b(13).
6
Let y(w) = -1017*w - 501360. What is y(-493)?
21
Let s(n) = -n**3 + 342*n**2 - 1365*n + 4388. Determine s(338).
-6
Let g(t) = 2*t**2 + 5588*t + 44581. Give g(-8).
5
Let z(u) = 56*u - 1181. Give z(14).
-397
Let g(z) = 65783*z + 3157601. Determine g(-48).
17
Let n(p) = p**3 - 57*p**2 + 553*p + 107. Determine n(12).
263
Let j(w) = -w**3 - 245*w**2 + 16149*w + 908. What is j(-299)?
11
Let d(u) = 6*u**3 - 6*u**2 - 37*u - 175. Give d(-5).
-890
Let w(q) = -q**3 + 45*q**2 + 389*q + 275. What is w(52)?
1575
Let d(u) = -13*u + 762. What is d(47)?
151
Let t(o) = -5*o**2 + 64*o - 686. Calculate t(11).
-587
Let k(t) = 147*t - 16337. Give k(111).
-20
Let d(g) = -862*g + 52588. Determine d(61).
6
Let d(i) = -6433*i - 315114. Calculate d(-49).
103
Let u(v) = -108633*v + 869064. What is u(8)?
0
Let r(n) = -6*n**2 + 80*n + 486. Determine r(19).
-160
Let n(p) = -9*p**3 + 77*p**2 - 152*p + 892. What is n(8)?
-4
Let t(m) = -17*m**2 + 299*m - 1744. Determine t(6).
-562
Let u(c) = 8*c**2 - 227*c - 1021. What is u(-4)?
15
Let k(n) = -61*n - 8701. What is k(-156)?
815
Let i(z) = 3*z**3 + 18*z**2 - 4647*z - 32381. Determine i(-7).
1
Let q(j) = 223612*j + 2906970. Calculate q(-13).
14
Let l(r) = 48235*r**2 + 627056*r + 17. What is l(-13)?
4
Let q(z) = -31*z**2 + 67*z - 4. Calculate q(2).
6
Let q(u) = -449*u - 4477. Give q(-10).
13
Let i(j) = -21*j**2 + 5484*j - 874. Determine i(261).
-91
Let u(v) = 11*v**2 - 649*v - 2105. Calculate u(-3).
-59
Let z(o) = o**3 + 305*o**2 - 33591*o + 13668. What is z(-391)?
-17
Let i(u) = -66995*u + 49308326. Calculate i(736).
6
Let z(v) = -v**3 - 31*v**2 - 355*v - 17350. Give z(-35).
-25
Let q(l) = 50*l**2 + 312*l - 558. Determine q(-10).
1322
Let i(g) = -g**3 - 710*g**2 + 3000*g - 529. What is i(4)?
47
Let b(r) = 32465*r + 6687783. What is b(-206)?
-7
Let s(j) = -15*j**3 - 7*j**2 - 174*j - 177. Determine s(-1).
5
Let w(g) = -54*g**3 + 143*g**2 + 548*g - 42. Give w(-4).
3510
Let j(h) = 4*h**2 - 19*h - 354. Determine j(24).
1494
Let c(m) = -5*m**3 + 2*m**2 - 32*m - 135. Determine c(-7).
1902
Let k(h) = 1930*h + 177563. Calculate k(-92).
3
Let k(b) = 6*b**3 + 69*b**2 + 208*b - 2. Determine k(-2).
-190
Let p(d) = 641*d + 120347. Calculate p(-186).
1121
Let i(j) = 4*j**3 + 797*j**2 + 229*j + 5979. Give i(-199).
9
Let p(j) = 5631*j - 2545282. What is p(452)?
-70
Let j(x) = 6*x**2 + 2*x + 51. What is j(4)?
155
Let k(y) = -y**3 - 230*y**2 + 399*y - 15079. Give k(-232).
1
Let j(c) = 6*c**2 - 982*c + 23836. Calculate j(24).
3724
Let h(u) = 4051*u - 228882. Calculate h(57).
2025
Let l(q) = -5*q**3 - 671*q**2 - 3347*q + 899. Calculate l(-129).
-4
Let k(q) = -242*q + 37991. What is k(157)?
-3
Let w(g) = 1354*g - 13786. Determine w(11).
1108
Let k(v) = -5*v**3 - 48*v**2 + 588*v + 5418. What is k(-9)?
-117
Let m(r) = 9*r**2 - 152*r + 752. Give m(5).
217
Let t(o) = -631*o - 66927. Give t(-106).
-41
Let p(r) = 32340*r - 323373. Calculate p(10).
27
Let s(k) = -4*k**3 - 87*k**2 - 287*k - 21. Give s(-4).
-9
Let g(f) = -189333*f + 1514660. Calculate g(8).
-4
Let w(a) = a**3 + 54*a**2 + 171*a - 152. Calculate w(-4).
-36
Let q(s) = 8*s**2 - 4006*s + 22875. What is q(495)?
105
Let j(p) = -p**3 - 139*p**2 + 315*p - 15829. Calculate j(-142).
-67
Let d(s) = 25622*s - 3228323. Determine d(126).
49
Let q(o) = 21*o**3 - 15*o**2 - 233*o - 783. Determine q(-4).
-1435
Let x(g) = 1494*g - 1030854. Calculate x(690).
6
Let t(f) = -3*f**3 + 198*f**2 - 1943*f - 60. Calculate t(54).
-6
Let x(q) = 32*q**3 - 108*q**2 + 300*q - 153. What is x(2)?
271
Let o(q) = -2*q**3 + 17*q**2 - 171*q + 1544. Give o(9).
-76
Let i(l) = 129*l**3 + 2*l**2 - 16. Calculate i(2).
1024
Let o(i) = -i**3 + 76*i**2 + 6246*i - 2810. What is o(-50)?
-110
Let q(f) = -11*f**2 - 1524*f + 7582. Determine q(5).
-313
Let h(m) = 5309*m + 329163. What is h(-62)?
5
Let d(n) = 6097*n - 42702. Determine d(7).
-23
Let j(t) = -1066*t + 15249. Give j(15).
-741
Let d(u) = 590816*u + 1772461. Calculate d(-3).
13
Let o(m) = m**3 - 64*m**2 - 187*m + 989. Give o(67).
1927
Let i(p) = 228*p + 60653. Determine i(-266).
5
Let w(b) = -2*b**2 - 142*b - 2068. Calculate w(-22).
88
Let j(t) = 705*t**3 - t**2 + 2*t. Give j(1).
706
Let y(u) = 3282*u - 242670. Give y(74).
198
Let g(i) = 3*i**